{"id":262,"date":"2023-03-05T13:07:53","date_gmt":"2023-03-05T10:07:53","guid":{"rendered":"http:\/\/vikinar.com\/maksudi\/?page_id=262"},"modified":"2023-06-08T16:01:10","modified_gmt":"2023-06-08T16:01:10","slug":"videos","status":"publish","type":"page","link":"http:\/\/sadrimaksudi.org\/en\/videos\/","title":{"rendered":"Videos"},"content":{"rendered":"<ul>\n<li>Sadri Maksudi&#8217;nin Gurbeti (Kazan Tatar T\u00fcrk\u00e7esi ile.)<br \/>\n<iframe loading=\"lazy\" title=\"\u0421\u0430\u0434\u0440\u0438 \u041c\u0430\u043a\u0441\u0443\u0434\u0438\u043d\u044b\u04a3 \u0447\u0438\u0442 \u044f\u0440\u043b\u0430\u0440\u044b\" src=\"https:\/\/www.youtube.com\/embed\/27IywKHTPto\" width=\"716\" height=\"385\" frameborder=\"0\" allowfullscreen=\"allowfullscreen\"><\/iframe><\/li>\n<li>\nTarihten Portreler- Y\u00f6netmen: Emel Uygur 2007<br \/>\n<iframe loading=\"lazy\" width=\"800\" height=\"310\" src=\"https:\/\/www.youtube.com\/embed\/xIj4_kJCa3I\" title=\"Tarihten portreler sadri maksudi arsal\" frameborder=\"0\" allow=\"accelerometer; autoplay; clipboard-write; encrypted-media; gyroscope; picture-in-picture; web-share\" allowfullscreen=\"\"><\/iframe><\/li>\n<li>\nT\u00fcrk Dili ve Tarihi- Turgay T\u00fcfek\u00e7io\u011flu, Prof. Dr. \u0130skender \u00d6ks\u00fcz ile.<br \/>\n<iframe loading=\"lazy\" width=\"684\" height=\"385\" src=\"https:\/\/www.youtube.com\/embed\/U8BZtpItUmY\" title=\"SADR\u0130 MAKSUD\u0130 ARSAL 2\" frameborder=\"0\" allow=\"accelerometer; autoplay; clipboard-write; encrypted-media; gyroscope; picture-in-picture; web-share\" allowfullscreen=\"\"><\/iframe><\/li>\n<li>Tarihte Bug\u00fcn- T\u00fcrk Tarih Kurumu,2020<br \/>\n<iframe loading=\"lazy\" width=\"684\" height=\"385\" src=\"https:\/\/www.youtube.com\/embed\/_qztD4NoSvM\" title=\"Tarihte Bug\u00fcn - Sadri Maksudi Arsal\" frameborder=\"0\" allow=\"accelerometer; autoplay; clipboard-write; encrypted-media; gyroscope; picture-in-picture; web-share\" allowfullscreen=\"\"><\/iframe><\/li>\n<\/ul>\n","protected":false},"excerpt":{"rendered":"<p>Sadri Maksudi&#8217;nin Gurbeti (Kazan Tatar T\u00fcrk\u00e7esi ile.) Tarihten Portreler- Y\u00f6netmen: Emel Uygur 2007 T\u00fcrk Dili ve Tarihi- Turgay T\u00fcfek\u00e7io\u011flu, Prof. Dr. \u0130skender \u00d6ks\u00fcz ile. Tarihte Bug\u00fcn- T\u00fcrk Tarih Kurumu,2020<\/p>\n","protected":false},"author":1,"featured_media":0,"parent":0,"menu_order":0,"comment_status":"closed","ping_status":"closed","template":"","meta":[],"_links":{"self":[{"href":"http:\/\/sadrimaksudi.org\/en\/wp-json\/wp\/v2\/pages\/262"}],"collection":[{"href":"http:\/\/sadrimaksudi.org\/en\/wp-json\/wp\/v2\/pages"}],"about":[{"href":"http:\/\/sadrimaksudi.org\/en\/wp-json\/wp\/v2\/types\/page"}],"author":[{"embeddable":true,"href":"http:\/\/sadrimaksudi.org\/en\/wp-json\/wp\/v2\/users\/1"}],"replies":[{"embeddable":true,"href":"http:\/\/sadrimaksudi.org\/en\/wp-json\/wp\/v2\/comments?post=262"}],"version-history":[{"count":3,"href":"http:\/\/sadrimaksudi.org\/en\/wp-json\/wp\/v2\/pages\/262\/revisions"}],"predecessor-version":[{"id":691,"href":"http:\/\/sadrimaksudi.org\/en\/wp-json\/wp\/v2\/pages\/262\/revisions\/691"}],"wp:attachment":[{"href":"http:\/\/sadrimaksudi.org\/en\/wp-json\/wp\/v2\/media?parent=262"}],"curies":[{"name":"wp","href":"https:\/\/api.w.org\/{rel}","templated":true}]}}

<ul>
<li>Sadri Maksudi&#8217;nin Gurbeti (Kazan Tatar Türkçesi ile.)<br />
<iframe loading="lazy" title="Садри Максудиның чит ярлары" src="https://www.youtube.com/embed/27IywKHTPto" width="716" height="385" frameborder="0" allowfullscreen="allowfullscreen"></iframe></li>
<li>
Tarihten Portreler- Yönetmen: Emel Uygur 2007<br />
<iframe loading="lazy" width="800" height="310" src="https://www.youtube.com/embed/xIj4_kJCa3I" title="Tarihten portreler sadri maksudi arsal" frameborder="0" allow="accelerometer; autoplay; clipboard-write; encrypted-media; gyroscope; picture-in-picture; web-share" allowfullscreen=""></iframe></li>
<li>
Türk Dili ve Tarihi- Turgay Tüfekçioğlu, Prof. Dr. İskender Öksüz ile.<br />
<iframe loading="lazy" width="684" height="385" src="https://www.youtube.com/embed/U8BZtpItUmY" title="SADRİ MAKSUDİ ARSAL 2" frameborder="0" allow="accelerometer; autoplay; clipboard-write; encrypted-media; gyroscope; picture-in-picture; web-share" allowfullscreen=""></iframe></li>
<li>Tarihte Bugün- Türk Tarih Kurumu,2020<br />
<iframe loading="lazy" width="684" height="385" src="https://www.youtube.com/embed/_qztD4NoSvM" title="Tarihte Bugün - Sadri Maksudi Arsal" frameborder="0" allow="accelerometer; autoplay; clipboard-write; encrypted-media; gyroscope; picture-in-picture; web-share" allowfullscreen=""></iframe></li>
</ul>

<p>Sadri Maksudi&#8217;nin Gurbeti (Kazan Tatar Türkçesi ile.) Tarihten Portreler- Yönetmen: Emel Uygur 2007 Türk Dili ve Tarihi- Turgay Tüfekçioğlu, Prof. Dr. İskender Öksüz ile. Tarihte Bugün- Türk Tarih Kurumu,2020</p>
